26*q - 34*q. Calculate o(6).
-6
Let t(s) be the third derivative of -s**4/24 + 3*s**3/2 - s**2. Let a(y) = -y**2 - 37*y - 186. Let j be a(-6). Determine t(j).
9
Let u = 757 - 752. Let i(p) = -7*p**2 + 14*p + 11. Let l(y) = 6*y**2 - 13*y - 10. Let a(g) = -5*i(g) - 6*l(g). What is a(u)?
20
Let b(l) be the first derivative of 7 + 1/3*l**3 + 2*l + 1/2*l**2. Calculate b(-3).
8
Let i be ((-30)/50)/(2/10). Let w(c) = c**3 + 3*c**2 + 3*c + 1. Calculate w(i).
-8
Let h(s) = -s**3 + 5*s**2 - 6*s + 5. Let r be h(4). Let u(n) = -n - 4. Calculate u(r).
-1
Let f(y) = -y + 24. Let x be f(14). Suppose 25 = -5*w + x*w. Let u(p) = -p**2 + 6*p - 3. Determine u(w).
2
Suppose 56 = 5*p + 2*s, 0 = -3*p + 2*s + 23 + 17. Let k(q) = -p*q - 2 + 3*q + 7*q. Give k(4).
-10
Let v(d) be the second derivative of d**6/360 + d**5/15 + d**4/8 - 23*d**3/6 - 41*d. Let t(h) be the second derivative of v(h). Determine t(-6).
-9
Let k(c) be the third derivative of 5*c**4/24 - c**3/3 - 68*c**2 + 2*c. Let h(m) = -2 + 2 - m. Let j(i) = 6*h(i) + k(i). Determine j(-4).
2
Suppose 0*h - h = 2*x - 32, -4*h = x - 114. Suppose -4*p = 10*p - h. Let c(t) = -t + 2*t - 2 + 3*t. Calculate c(p).
6
Let n(k) = k**3 + 13*k**2 + k - 3. Let l be -6*5/(-30) - 14. Calculate n(l).
-16
Let k be 5/3 + (-44)/12 + 4. Let s(n) = -7*n**2 + n**3 + 8*n**2 + 5*n**k - 8*n - 4. Give s(-7).
3
Suppose -38 = -2*o - 34. Let y(m) = 13*m**o - 5*m + 1 + 15*m**2 - 27*m**2. Let t(a) = -a**3 + 4*a**2 - 2*a + 2. Let w be t(3). What is y(w)?
1
Let h(p) = 2*p**2 + 16*p + 5. Let t be h(-8). Let g(a) = -4 + 2*a**3 - a**3 + t*a - 10*a**2 + 5*a**2. Determine g(4).
0
Let i(u) = -11*u + 28 - 57 + u**2 + 3*u + 30. Give i(7).
-6
Let a(b) = -2. Let y(o) = o - 14. Let g(n) = 21*a(n) - 3*y(n). Calculate g(3).
-9
Let a(w) = -3*w**3 - w**2 + 0*w**3 - 6 + 2 + 5*w**3 - w - 6*w**2. Determine a(4).
8
Let l(v) = 6*v**2 - 9*v + 22. Let f(m) = -5*m**2 + 9*m - 21. Let g(c) = 7*f(c) + 6*l(c). Determine g(-11).
7
Let r(s) = -s**3 + 6*s**3 - 2*s**3 - 16 - 2*s**3 + 17. Suppose 0 = 3*x - 0 + 6. What is r(x)?
-7
Let h = 1168 - 1179. Let v(f) = f**3 + 10*f**2 - 13*f - 26. What is v(h)?
-4
Let s(l) be the third derivative of -l**4/24 + l**3/6 + 505*l**2 - l. Let h = -3 - -4. Determine s(h).
0
Suppose 4*z = 4*o - 12, 4*z = 3*o - 12 - 1. Let y(j) = j**3 - 2*j**2 - 7*j - 1. Let h(q) = q**3 + 2*q**2 - 2*q - 3. Let v(g) = -2*h(g) + y(g). Give v(z).
-15
Let i(l) be the second derivative of 0 + 1/6*l**3 - 1/6*l**4 - l - 3/10*l**5 + 0*l**2. Calculate i(1).
-7
Let l(w) = -w + 30. Let x be l(20). Suppose x*a = 6*a + 4. Let s(j) = -2*j**3 + j**3 + 4*j**3. Calculate s(a).
3
Let n(h) = 2*h**3 + 3*h**2 + 3. Let t(d) = 3*d**3 + 4*d**2 + d + 4. Let l(v) = -4*n(v) + 3*t(v). Let u(j) be the second derivative of l(j). What is u(-1)?
-6
Let r(d) be the third derivative of d**6/120 - 2*d**5/15 + 13*d**4/24 - d**3/3 - 2*d**2 - 48. Give r(6).
4
Let d(j) = -26*j + 2*j**3 + 12*j + 4*j + 12*j + 66*j**2 - 69*j**2 + 6. What is d(3)?
39
Let t(i) = 10*i - 2. Let k be (-2)/18 + (-1008)/(-324). Determine t(k).
28
Let t(b) = 3*b - 6. Let y(q) = 5*q - 12. Let c(p) = p. Let f(r) = -6*c(r) + y(r). Let k be f(-12). Let x be t(k). Let i(a) = -a - 5. Calculate i(x).
1
Suppose 4*k = 3*f - 2, -3*k - 7 = -f - 4*f. Let t(d) = -2*d + 3*d + d**f - 7*d - 7 + d. Give t(6).
-1
Let z(c) = -2*c + c + 2*c - 5 - 4*c + 3. Determine z(6).
-20
Let v(q) be the second derivative of -q**4/12 - 2*q**3/3 + 5*q**2/2 - 4016*q. Suppose -4*k - 4 = c - 5*k, 0 = -5*c - 4*k - 29. What is v(c)?
0
Let g(k) be the second derivative of -k**4/12 + k**3/2 - k**2/2 + 27*k. Let f be ((-9)/3)/(-3) + 1. Suppose 0*d + f*d - 8 = 0. Give g(d).
-5
Let z(o) = 127*o + 4 + 128*o - 246*o. Give z(3).
31
Let v(w) = -w**3 + w - 1. Let t(k) = -k**3 + 1. Let m(j) = j**3 - 5*j**2 + 4*j + 11. Let l(c) = -m(c) + 2*t(c). Let a(b) = -l(b) + 4*v(b). Calculate a(-6).
-7
Let t = 17 - 15. Let r(i) = -t*i + 5*i - i + 5. Suppose 4 = 5*c + 24. Give r(c).
-3
Let i = -972 + 969. Let t(a) = -a**3 - 5*a**2 - a + 10. What is t(i)?
-5
Let b(t) = -t**2 + 6*t + 5. Let v be -1*(-2 - (-1 - -15)). Suppose -2*x + g + v = 0, -5*g - 45 = -5*x - 0*g. Calculate b(x).
-2
Let p(k) = 4*k. Let q be 80 + -2*(-5)/(-10). Let f = q + -84. What is p(f)?
-20
Let m(h) = -h**2 - 7*h + 10. Let g be (12/39)/(-2) - (-82)/26. Let z be (-5 + 1)/(g + -1) - 6. Give m(z).
2
Let m(r) = -r**2 + 13*r + 200. Let d be m(-9). Let w(x) = x**2 - 3*x + 5. Calculate w(d).
3
Let b(a) = -a**2 + 1. Let f(m) = m**2 - 6*m - 6. Let c(r) = -2*b(r) - f(r). Let k(j) = 4*j**2 + 18*j + 12. Let l(w) = 7*c(w) - 2*k(w). What is l(4)?
12
Suppose 4 = -4*k - 5*w - 8, 0 = k - 2*w - 10. Let r(x) = -5 - x**3 - 1 + 7*x**k + 0. Suppose 4*z - 19 = 9. Calculate r(z).
-6
Let z(s) be the second derivative of -s**7/840 - s**6/90 - s**5/60 + s**4/12 + s**3/2 - 4*s. Let l(i) be the second derivative of z(i). What is l(-3)?
-1
Let t be (-16)/2 - (-1 - -1). Let y(c) = -15*c**3 - 23*c**2 - 15*c + 1. Let o(l) = 13*l**3 + 21*l**2 + 14*l. Let z(k) = 7*o(k) + 6*y(k). What is z(t)?
6
Let r(m) = 7*m**2 + 11*m - 12. Let b(l) = 10*l**2 + 17*l - 18. Let z(d) = -5*b(d) + 7*r(d). Give z(-8).
6
Let k(m) be the third derivative of -m**4/8 + m**3/6 + 32*m**2. Calculate k(2).
-5
Let m(t) = t**2 + 4*t + 1. Let w be m(-5). Let j(g) = 7*g + 4 - w - 9*g. Let v(d) = d**3 + 6*d**2 + 5*d - 3. Let n be v(-5). What is j(n)?
4
Suppose -4*q = -7*q + 21. Let w(d) = d + 2. Let n = 62 + -64. Let g(c) = c. Let s(a) = n*g(a) + w(a). Give s(q).
-5
Let s(y) be the third derivative of -y**4/24 + y**3/2 + 86*y**2. What is s(11)?
-8
Let p(o) = -o**2 + 7*o + 9. Let g be 1 + 3 - (-4 + 2 + -1). Determine p(g).
9
Suppose 5*j - 4*g - 26 = 0, -2*j + 3*g = -0*j - 16. Suppose 4 = -2*x - 4. Let t = j - x. Let k(n) = 2*n - 4. Give k(t).
8
Let k(s) be the third derivative of s**2 + 0 + 0*s + 1/30*s**5 + 0*s**3 - 1/24*s**4 - 1/120*s**6. Suppose -6*h + 231 - 219 = 0. Calculate k(h).
-2
Let m(d) = -d**3 - 4*d**2 + 5*d. Let p be -1*2/(-8) + (-63)/(-36). Suppose p*r + 8 = -2. Calculate m(r).
0
Let q(y) be the second derivative of -y**5/20 - y**4/2 - 4*y**3/3 - 2*y**2 - 2*y + 272. Let c be (10/8)/((-2)/8). What is q(c)?
11
Let z(v) be the second derivative of -3*v**2 + 1/3*v**3 + 1/12*v**4 + 0 + 20*v. What is z(-5)?
9
Let f(v) be the third derivative of v**6/120 - v**5/10 + v**4/4 - v**3/2 - 647*v**2. Determine f(2).
-7
Let q(h) = -15*h + 5 - h**2 + 33*h - 11*h. Let k be 2/4*(0 + 12). Calculate q(k).
11
Let b(h) be the first derivative of h**4/4 - h - 25. Let r(x) = 23*x**3 - x**2 - x - 3. Let s(i) = 3*b(i) - r(i). Determine s(-1).
20
Let d be 0/3 + (-5 + 6 - -8). Let r(u) = -4*u + 10. Calculate r(d).
-26
Suppose -2*g + 106 = 116. Let w(a) = a**2 + 2*a - 2. Calculate w(g).
13
Let k(h) be the second derivative of -1/12*h**4 + 2/3*h**3 + 0 - 4*h + 3*h**2. What is k(5)?
1
Let y(f) = f**3 + 6*f**2 - 9*f + 3. Let u(c) = 10*c**2 + 32*c - 1. Let j be u(-3). Give y(j).
17
Let u(r) = 8*r - 3. Let o(h) = 15*h - 5. Let n(a) = -4*o(a) + 7*u(a). Give n(2).
-9
Let b(o) = -35*o**2 + 4*o + 20. Let f(g) = 13*g**2 - g - 7. Let m(c) = -3*b(c) - 8*f(c). Let q(d) = d**2 + 3*d - 4. Let r be q(-5). Give m(r).
8
Let q(y) = y + 1. Let z(f) = -4*f**2 + 5*f - 6. Let m(t) = -3*t**2 + 5*t - 6. Let g(v) = 5*m(v) - 4*z(v). Let n(a) = -g(a) - 2*q(a). What is n(-6)?
10
Let c(u) = 9*u**2 + 4*u + 5. Let o be c(-2). Suppose o + 3 = 3*g. Suppose -2*f + 6*f = -g. Let m(k) = -3*k + 2. What is m(f)?
11
Let j(u) = -2*u**2 - 9*u**2 + 2 - 11*u + 117*u**3 - 11 - 118*u**3. What is j(-10)?
1
Let o(s) be the second derivative of -s**3/6 + 7*s**2 - 822*s. Calculate o(13).
1
Let w(g) = 2*g**2 + 11*g - 3. Let s be w(-6). Suppose s*y - 5*y = -4. Suppose -5*k = 3*x - 16, -y*x + 5*k - 26 = k. Let n(d) = -2*d**2 - 4*d. Give n(x).
-6
Let i(m) = 6*m**3 - 10*m**2 + 7*m + 4. Let t be i(1). Let k(s) = s + 2*s - 5 - 2*s. What is k(t)?
2
Let b(d) = 6*d + 14. Let g = -12 - -15. Let v(c) = -5*c - 13. Let a(n) = g*b(n) + 4*v(n). Calculate a(-7).
4
Let l(h) = 2 + 2*h + 6 - 12 + 2. Determine l(-1).
-4
Let y(a) = 2*a + 5 - 18 + 9. Calculate y(5).
6
Let p(d) = d + 3. Let h = 420 - 414. Give p(h).
9
Let h(a) = a**3 - 7*a**2 + 4. Suppose 0 = 5*r, 0 = -5*z + 3*z - 3*r - 6. Let m be (3*-4)/z + -2. Suppose -d - 2*f = 2*d - 29, d - m*f = -1. Give h(d).
4
L